{"id":583,"date":"2018-09-17T08:05:42","date_gmt":"2018-09-17T07:05:42","guid":{"rendered":"http:\/\/cespetitsriens-creations.fr\/?page_id=583"},"modified":"2018-09-20T14:05:23","modified_gmt":"2018-09-20T13:05:23","slug":"hommes","status":"publish","type":"page","link":"http:\/\/cespetitsriens-creations.fr\/?page_id=583","title":{"rendered":"HOMMES"},"content":{"rendered":"<figure id=\"attachment_602\" aria-describedby=\"caption-attachment-602\" style=\"width: 3937px\" class=\"wp-caption alignnone\"><img loading=\"lazy\" decoding=\"async\" class=\"wp-image-602 size-full\" src=\"http:\/\/cespetitsriens-creations.fr\/wp-content\/uploads\/2018\/09\/Manchette-souple-HOM.jpg\" alt=\"\" width=\"3937\" height=\"1465\" \/><figcaption id=\"caption-attachment-602\" class=\"wp-caption-text\">Bracelet souple, perles et cuir, fermeture aimant\u00e9e, coloris \u00e0 composer &#8211; 20\u20ac<\/figcaption><\/figure>\n<p>&nbsp;<\/p>\n<figure id=\"attachment_601\" aria-describedby=\"caption-attachment-601\" style=\"width: 3150px\" class=\"wp-caption alignnone\"><img loading=\"lazy\" decoding=\"async\" class=\"wp-image-601 size-full\" src=\"http:\/\/cespetitsriens-creations.fr\/wp-content\/uploads\/2018\/09\/Manchette-rigide-textur\u00e9-HOM.jpg\" alt=\"\" width=\"3150\" height=\"2355\" \/><figcaption id=\"caption-attachment-601\" class=\"wp-caption-text\">Manchette rigide, Motif en damier tiss\u00e9 en perles de verre, support m\u00e9tal diff\u00e9rents coloris &#8211; 25\u20ac<\/figcaption><\/figure>\n","protected":false},"excerpt":{"rendered":"<p>&nbsp;<\/p>\n","protected":false},"author":1,"featured_media":0,"parent":0,"menu_order":0,"comment_status":"closed","ping_status":"closed","template":"","meta":{"footnotes":""},"class_list":["post-583","page","type-page","status-publish","hentry"],"_links":{"self":[{"href":"http:\/\/cespetitsriens-creations.fr\/index.php?rest_route=\/wp\/v2\/pages\/583"}],"collection":[{"href":"http:\/\/cespetitsriens-creations.fr\/index.php?rest_route=\/wp\/v2\/pages"}],"about":[{"href":"http:\/\/cespetitsriens-creations.fr\/index.php?rest_route=\/wp\/v2\/types\/page"}],"author":[{"embeddable":true,"href":"http:\/\/cespetitsriens-creations.fr\/index.php?rest_route=\/wp\/v2\/users\/1"}],"replies":[{"embeddable":true,"href":"http:\/\/cespetitsriens-creations.fr\/index.php?rest_route=%2Fwp%2Fv2%2Fcomments&post=583"}],"version-history":[{"count":5,"href":"http:\/\/cespetitsriens-creations.fr\/index.php?rest_route=\/wp\/v2\/pages\/583\/revisions"}],"predecessor-version":[{"id":606,"href":"http:\/\/cespetitsriens-creations.fr\/index.php?rest_route=\/wp\/v2\/pages\/583\/revisions\/606"}],"wp:attachment":[{"href":"http:\/\/cespetitsriens-creations.fr\/index.php?rest_route=%2Fwp%2Fv2%2Fmedia&parent=583"}],"curies":[{"name":"wp","href":"https:\/\/api.w.org\/{rel}","templated":true}]}}